{"id":97,"date":"2017-03-21T23:05:30","date_gmt":"2017-03-21T22:05:30","guid":{"rendered":"https:\/\/ferienwohnung-lichtenwalde.de\/?page_id=97"},"modified":"2017-03-21T23:05:44","modified_gmt":"2017-03-21T22:05:44","slug":"anfahrtsskizze","status":"publish","type":"page","link":"https:\/\/ferienwohnung-lichtenwalde.de\/index.php\/anfahrtsskizze\/","title":{"rendered":"Anfahrtsskizze"},"content":{"rendered":"[osm_map_v3 map_center=&#8220;50.883,13.008&#8243; zoom=&#8220;17&#8243; width=&#8220;100%&#8220; height=&#8220;450&#8243; post_markers=&#8220;1&#8243;]\n","protected":false},"excerpt":{"rendered":"<p>[osm_map_v3 map_center=&#8220;50.883,13.008&#8243; zoom=&#8220;17&#8243; width=&#8220;100%&#8220; height=&#8220;450&#8243; post_markers=&#8220;1&#8243;]<\/p>\n","protected":false},"author":1,"featured_media":0,"parent":0,"menu_order":0,"comment_status":"closed","ping_status":"closed","template":"","meta":[],"yoast_head":"<!-- This site is optimized with the Yoast SEO plugin v15.9.1 - https:\/\/yoast.com\/wordpress\/plugins\/seo\/ -->\n<title>Ferienwohnungen am Schloss Lichtenwalde<\/title>\n<meta name=\"description\" content=\"G\u00fcnstige und gem\u00fctliche Ferienwohnungen in Lichtenwalde. Genie\u00dfen Sie Ihren Urlaub direkt am wundersch\u00f6nen Schlo\u00df Lichtenwalde. \u260e 0160 960 32 924\" \/>\n<link rel=\"canonical\" href=\"https:\/\/ferienwohnung-lichtenwalde.de\/index.php\/anfahrtsskizze\/\" \/>\n<meta property=\"og:locale\" content=\"de_DE\" \/>\n<meta property=\"og:type\" content=\"article\" \/>\n<meta property=\"og:title\" content=\"Ferienwohnungen am Schloss Lichtenwalde\" \/>\n<meta property=\"og:description\" content=\"G\u00fcnstige und gem\u00fctliche Ferienwohnungen in Lichtenwalde. Genie\u00dfen Sie Ihren Urlaub direkt am wundersch\u00f6nen Schlo\u00df Lichtenwalde. \u260e 0160 960 32 924\" \/>\n<meta property=\"og:url\" content=\"https:\/\/ferienwohnung-lichtenwalde.de\/index.php\/anfahrtsskizze\/\" \/>\n<meta property=\"og:site_name\" content=\"Ferienwohnungen am Schlo\u00df Lichtenwalde\" \/>\n<meta property=\"article:modified_time\" content=\"2017-03-21T22:05:44+00:00\" \/>\n<meta name=\"twitter:card\" content=\"summary_large_image\" \/>\n<script type=\"application\/ld+json\" class=\"yoast-schema-graph\">{\"@context\":\"https:\/\/schema.org\",\"@graph\":[{\"@type\":\"WebSite\",\"@id\":\"https:\/\/ferienwohnung-lichtenwalde.de\/#website\",\"url\":\"https:\/\/ferienwohnung-lichtenwalde.de\/\",\"name\":\"Ferienwohnungen am Schlo\\u00df Lichtenwalde\",\"description\":\"\",\"potentialAction\":[{\"@type\":\"SearchAction\",\"target\":\"https:\/\/ferienwohnung-lichtenwalde.de\/?s={search_term_string}\",\"query-input\":\"required name=search_term_string\"}],\"inLanguage\":\"de\"},{\"@type\":\"WebPage\",\"@id\":\"https:\/\/ferienwohnung-lichtenwalde.de\/index.php\/anfahrtsskizze\/#webpage\",\"url\":\"https:\/\/ferienwohnung-lichtenwalde.de\/index.php\/anfahrtsskizze\/\",\"name\":\"Ferienwohnungen am Schloss Lichtenwalde\",\"isPartOf\":{\"@id\":\"https:\/\/ferienwohnung-lichtenwalde.de\/#website\"},\"datePublished\":\"2017-03-21T22:05:30+00:00\",\"dateModified\":\"2017-03-21T22:05:44+00:00\",\"description\":\"G\\u00fcnstige und gem\\u00fctliche Ferienwohnungen in Lichtenwalde. Genie\\u00dfen Sie Ihren Urlaub direkt am wundersch\\u00f6nen Schlo\\u00df Lichtenwalde. \\u260e 0160 960 32 924\",\"breadcrumb\":{\"@id\":\"https:\/\/ferienwohnung-lichtenwalde.de\/index.php\/anfahrtsskizze\/#breadcrumb\"},\"inLanguage\":\"de\",\"potentialAction\":[{\"@type\":\"ReadAction\",\"target\":[\"https:\/\/ferienwohnung-lichtenwalde.de\/index.php\/anfahrtsskizze\/\"]}]},{\"@type\":\"BreadcrumbList\",\"@id\":\"https:\/\/ferienwohnung-lichtenwalde.de\/index.php\/anfahrtsskizze\/#breadcrumb\",\"itemListElement\":[{\"@type\":\"ListItem\",\"position\":1,\"item\":{\"@type\":\"WebPage\",\"@id\":\"https:\/\/ferienwohnung-lichtenwalde.de\/\",\"url\":\"https:\/\/ferienwohnung-lichtenwalde.de\/\",\"name\":\"Startseite\"}},{\"@type\":\"ListItem\",\"position\":2,\"item\":{\"@type\":\"WebPage\",\"@id\":\"https:\/\/ferienwohnung-lichtenwalde.de\/index.php\/anfahrtsskizze\/\",\"url\":\"https:\/\/ferienwohnung-lichtenwalde.de\/index.php\/anfahrtsskizze\/\",\"name\":\"Anfahrtsskizze\"}}]}]}<\/script>\n<!-- \/ Yoast SEO plugin. -->","_links":{"self":[{"href":"https:\/\/ferienwohnung-lichtenwalde.de\/index.php\/wp-json\/wp\/v2\/pages\/97"}],"collection":[{"href":"https:\/\/ferienwohnung-lichtenwalde.de\/index.php\/wp-json\/wp\/v2\/pages"}],"about":[{"href":"https:\/\/ferienwohnung-lichtenwalde.de\/index.php\/wp-json\/wp\/v2\/types\/page"}],"author":[{"embeddable":true,"href":"https:\/\/ferienwohnung-lichtenwalde.de\/index.php\/wp-json\/wp\/v2\/users\/1"}],"replies":[{"embeddable":true,"href":"https:\/\/ferienwohnung-lichtenwalde.de\/index.php\/wp-json\/wp\/v2\/comments?post=97"}],"version-history":[{"count":3,"href":"https:\/\/ferienwohnung-lichtenwalde.de\/index.php\/wp-json\/wp\/v2\/pages\/97\/revisions"}],"predecessor-version":[{"id":103,"href":"https:\/\/ferienwohnung-lichtenwalde.de\/index.php\/wp-json\/wp\/v2\/pages\/97\/revisions\/103"}],"wp:attachment":[{"href":"https:\/\/ferienwohnung-lichtenwalde.de\/index.php\/wp-json\/wp\/v2\/media?parent=97"}],"curies":[{"name":"wp","href":"https:\/\/api.w.org\/{rel}","templated":true}]}}